{"id":694,"date":"2025-04-22T13:13:06","date_gmt":"2025-04-22T11:13:06","guid":{"rendered":"https:\/\/farmaciacentrosanmiguel.com\/tienda\/?post_type=product&#038;p=694"},"modified":"2025-04-25T14:37:11","modified_gmt":"2025-04-25T12:37:11","slug":"gel-de-bano-fresa-y-nata-750ml","status":"publish","type":"product","link":"https:\/\/farmaciacentrosanmiguel.com\/tienda\/producto\/gel-de-bano-fresa-y-nata-750ml\/","title":{"rendered":"Gel de ba\u00f1o Fresa y Nata 750ml"},"content":{"rendered":"<p>Gel de ba\u00f1o olor fresa y nata con provitaminas b5 que hidrata profundamnete la piel ayudando a mantenerla suave tersa y en buen estado.<\/p>\n","protected":false},"excerpt":{"rendered":"<p>Gel de ba\u00f1o olor fresa y nata con provitaminas b5 que hidrata profundamnete la piel ayudando a mantenerla suave tersa&#8230;<\/p>\n","protected":false},"featured_media":861,"template":"","meta":{"_uag_custom_page_level_css":""},"product_brand":[],"product_cat":[23],"product_tag":[],"class_list":{"0":"post-694","1":"product","2":"type-product","3":"status-publish","4":"has-post-thumbnail","6":"product_cat-betres-on","8":"first","9":"outofstock","10":"shipping-taxable","11":"purchasable","12":"product-type-simple"},"yoast_head":"<!-- This site is optimized with the Yoast SEO plugin v24.9 - https:\/\/yoast.com\/wordpress\/plugins\/seo\/ -->\n<title>Gel de ba\u00f1o Fresa y Nata 750ml - Tienda Farmacia Centro San Miguel - In\u00e9s Calle<\/title>\n<meta name=\"robots\" content=\"index, follow, max-snippet:-1, max-image-preview:large, max-video-preview:-1\" \/>\n<link rel=\"canonical\" href=\"https:\/\/farmaciacentrosanmiguel.com\/tienda\/producto\/gel-de-bano-fresa-y-nata-750ml\/\" \/>\n<meta property=\"og:locale\" content=\"es_ES\" \/>\n<meta property=\"og:type\" content=\"article\" \/>\n<meta property=\"og:title\" content=\"Gel de ba\u00f1o Fresa y Nata 750ml - Tienda Farmacia Centro San Miguel - In\u00e9s Calle\" \/>\n<meta property=\"og:description\" content=\"Gel de ba\u00f1o olor fresa y nata con provitaminas b5 que hidrata profundamnete la piel ayudando a mantenerla suave tersa...\" \/>\n<meta property=\"og:url\" content=\"https:\/\/farmaciacentrosanmiguel.com\/tienda\/producto\/gel-de-bano-fresa-y-nata-750ml\/\" \/>\n<meta property=\"og:site_name\" content=\"Tienda Farmacia Centro San Miguel - In\u00e9s Calle\" \/>\n<meta property=\"article:modified_time\" content=\"2025-04-25T12:37:11+00:00\" \/>\n<meta property=\"og:image\" content=\"https:\/\/farmaciacentrosanmiguel.com\/tienda\/wp-content\/uploads\/2025\/04\/29-betres-on-gel-fresa-750.jpg\" \/>\n\t<meta property=\"og:image:width\" content=\"700\" \/>\n\t<meta property=\"og:image:height\" content=\"700\" \/>\n\t<meta property=\"og:image:type\" content=\"image\/jpeg\" \/>\n<meta name=\"twitter:card\" content=\"summary_large_image\" \/>\n<script type=\"application\/ld+json\" class=\"yoast-schema-graph\">{\"@context\":\"https:\/\/schema.org\",\"@graph\":[{\"@type\":\"WebPage\",\"@id\":\"https:\/\/farmaciacentrosanmiguel.com\/tienda\/producto\/gel-de-bano-fresa-y-nata-750ml\/\",\"url\":\"https:\/\/farmaciacentrosanmiguel.com\/tienda\/producto\/gel-de-bano-fresa-y-nata-750ml\/\",\"name\":\"Gel de ba\u00f1o Fresa y Nata 750ml - Tienda Farmacia Centro San Miguel - In\u00e9s Calle\",\"isPartOf\":{\"@id\":\"https:\/\/farmaciacentrosanmiguel.com\/tienda\/#website\"},\"primaryImageOfPage\":{\"@id\":\"https:\/\/farmaciacentrosanmiguel.com\/tienda\/producto\/gel-de-bano-fresa-y-nata-750ml\/#primaryimage\"},\"image\":{\"@id\":\"https:\/\/farmaciacentrosanmiguel.com\/tienda\/producto\/gel-de-bano-fresa-y-nata-750ml\/#primaryimage\"},\"thumbnailUrl\":\"https:\/\/farmaciacentrosanmiguel.com\/tienda\/wp-content\/uploads\/2025\/04\/29-betres-on-gel-fresa-750.jpg\",\"datePublished\":\"2025-04-22T11:13:06+00:00\",\"dateModified\":\"2025-04-25T12:37:11+00:00\",\"breadcrumb\":{\"@id\":\"https:\/\/farmaciacentrosanmiguel.com\/tienda\/producto\/gel-de-bano-fresa-y-nata-750ml\/#breadcrumb\"},\"inLanguage\":\"es\",\"potentialAction\":[{\"@type\":\"ReadAction\",\"target\":[\"https:\/\/farmaciacentrosanmiguel.com\/tienda\/producto\/gel-de-bano-fresa-y-nata-750ml\/\"]}]},{\"@type\":\"ImageObject\",\"inLanguage\":\"es\",\"@id\":\"https:\/\/farmaciacentrosanmiguel.com\/tienda\/producto\/gel-de-bano-fresa-y-nata-750ml\/#primaryimage\",\"url\":\"https:\/\/farmaciacentrosanmiguel.com\/tienda\/wp-content\/uploads\/2025\/04\/29-betres-on-gel-fresa-750.jpg\",\"contentUrl\":\"https:\/\/farmaciacentrosanmiguel.com\/tienda\/wp-content\/uploads\/2025\/04\/29-betres-on-gel-fresa-750.jpg\",\"width\":700,\"height\":700},{\"@type\":\"BreadcrumbList\",\"@id\":\"https:\/\/farmaciacentrosanmiguel.com\/tienda\/producto\/gel-de-bano-fresa-y-nata-750ml\/#breadcrumb\",\"itemListElement\":[{\"@type\":\"ListItem\",\"position\":1,\"name\":\"Portada\",\"item\":\"https:\/\/farmaciacentrosanmiguel.com\/tienda\/\"},{\"@type\":\"ListItem\",\"position\":2,\"name\":\"Tienda\",\"item\":\"https:\/\/farmaciacentrosanmiguel.com\/tienda\/\"},{\"@type\":\"ListItem\",\"position\":3,\"name\":\"Gel de ba\u00f1o Fresa y Nata 750ml\"}]},{\"@type\":\"WebSite\",\"@id\":\"https:\/\/farmaciacentrosanmiguel.com\/tienda\/#website\",\"url\":\"https:\/\/farmaciacentrosanmiguel.com\/tienda\/\",\"name\":\"Tienda Farmacia Centro San Miguel - In\u00e9s Calle\",\"description\":\"\",\"publisher\":{\"@id\":\"https:\/\/farmaciacentrosanmiguel.com\/tienda\/#\/schema\/person\/9a948bf16c33e3b7ac82043371ab9bce\"},\"potentialAction\":[{\"@type\":\"SearchAction\",\"target\":{\"@type\":\"EntryPoint\",\"urlTemplate\":\"https:\/\/farmaciacentrosanmiguel.com\/tienda\/?s={search_term_string}\"},\"query-input\":{\"@type\":\"PropertyValueSpecification\",\"valueRequired\":true,\"valueName\":\"search_term_string\"}}],\"inLanguage\":\"es\"},{\"@type\":[\"Person\",\"Organization\"],\"@id\":\"https:\/\/farmaciacentrosanmiguel.com\/tienda\/#\/schema\/person\/9a948bf16c33e3b7ac82043371ab9bce\",\"name\":\"In\u00e9s Calle P\u00e9rez\",\"image\":{\"@type\":\"ImageObject\",\"inLanguage\":\"es\",\"@id\":\"https:\/\/farmaciacentrosanmiguel.com\/tienda\/#\/schema\/person\/image\/\",\"url\":\"https:\/\/farmaciacentrosanmiguel.com\/tienda\/wp-content\/uploads\/2025\/04\/cabecera_new2.jpg\",\"contentUrl\":\"https:\/\/farmaciacentrosanmiguel.com\/tienda\/wp-content\/uploads\/2025\/04\/cabecera_new2.jpg\",\"width\":1000,\"height\":329,\"caption\":\"In\u00e9s Calle P\u00e9rez\"},\"logo\":{\"@id\":\"https:\/\/farmaciacentrosanmiguel.com\/tienda\/#\/schema\/person\/image\/\"},\"sameAs\":[\"https:\/\/farmaciacentrosanmiguel.com\/tienda\"]}]}<\/script>\n<!-- \/ Yoast SEO plugin. -->","yoast_head_json":{"title":"Gel de ba\u00f1o Fresa y Nata 750ml - Tienda Farmacia Centro San Miguel - In\u00e9s Calle","robots":{"index":"index","follow":"follow","max-snippet":"max-snippet:-1","max-image-preview":"max-image-preview:large","max-video-preview":"max-video-preview:-1"},"canonical":"https:\/\/farmaciacentrosanmiguel.com\/tienda\/producto\/gel-de-bano-fresa-y-nata-750ml\/","og_locale":"es_ES","og_type":"article","og_title":"Gel de ba\u00f1o Fresa y Nata 750ml - Tienda Farmacia Centro San Miguel - In\u00e9s Calle","og_description":"Gel de ba\u00f1o olor fresa y nata con provitaminas b5 que hidrata profundamnete la piel ayudando a mantenerla suave tersa...","og_url":"https:\/\/farmaciacentrosanmiguel.com\/tienda\/producto\/gel-de-bano-fresa-y-nata-750ml\/","og_site_name":"Tienda Farmacia Centro San Miguel - In\u00e9s Calle","article_modified_time":"2025-04-25T12:37:11+00:00","og_image":[{"width":700,"height":700,"url":"https:\/\/farmaciacentrosanmiguel.com\/tienda\/wp-content\/uploads\/2025\/04\/29-betres-on-gel-fresa-750.jpg","type":"image\/jpeg"}],"twitter_card":"summary_large_image","schema":{"@context":"https:\/\/schema.org","@graph":[{"@type":"WebPage","@id":"https:\/\/farmaciacentrosanmiguel.com\/tienda\/producto\/gel-de-bano-fresa-y-nata-750ml\/","url":"https:\/\/farmaciacentrosanmiguel.com\/tienda\/producto\/gel-de-bano-fresa-y-nata-750ml\/","name":"Gel de ba\u00f1o Fresa y Nata 750ml - Tienda Farmacia Centro San Miguel - In\u00e9s Calle","isPartOf":{"@id":"https:\/\/farmaciacentrosanmiguel.com\/tienda\/#website"},"primaryImageOfPage":{"@id":"https:\/\/farmaciacentrosanmiguel.com\/tienda\/producto\/gel-de-bano-fresa-y-nata-750ml\/#primaryimage"},"image":{"@id":"https:\/\/farmaciacentrosanmiguel.com\/tienda\/producto\/gel-de-bano-fresa-y-nata-750ml\/#primaryimage"},"thumbnailUrl":"https:\/\/farmaciacentrosanmiguel.com\/tienda\/wp-content\/uploads\/2025\/04\/29-betres-on-gel-fresa-750.jpg","datePublished":"2025-04-22T11:13:06+00:00","dateModified":"2025-04-25T12:37:11+00:00","breadcrumb":{"@id":"https:\/\/farmaciacentrosanmiguel.com\/tienda\/producto\/gel-de-bano-fresa-y-nata-750ml\/#breadcrumb"},"inLanguage":"es","potentialAction":[{"@type":"ReadAction","target":["https:\/\/farmaciacentrosanmiguel.com\/tienda\/producto\/gel-de-bano-fresa-y-nata-750ml\/"]}]},{"@type":"ImageObject","inLanguage":"es","@id":"https:\/\/farmaciacentrosanmiguel.com\/tienda\/producto\/gel-de-bano-fresa-y-nata-750ml\/#primaryimage","url":"https:\/\/farmaciacentrosanmiguel.com\/tienda\/wp-content\/uploads\/2025\/04\/29-betres-on-gel-fresa-750.jpg","contentUrl":"https:\/\/farmaciacentrosanmiguel.com\/tienda\/wp-content\/uploads\/2025\/04\/29-betres-on-gel-fresa-750.jpg","width":700,"height":700},{"@type":"BreadcrumbList","@id":"https:\/\/farmaciacentrosanmiguel.com\/tienda\/producto\/gel-de-bano-fresa-y-nata-750ml\/#breadcrumb","itemListElement":[{"@type":"ListItem","position":1,"name":"Portada","item":"https:\/\/farmaciacentrosanmiguel.com\/tienda\/"},{"@type":"ListItem","position":2,"name":"Tienda","item":"https:\/\/farmaciacentrosanmiguel.com\/tienda\/"},{"@type":"ListItem","position":3,"name":"Gel de ba\u00f1o Fresa y Nata 750ml"}]},{"@type":"WebSite","@id":"https:\/\/farmaciacentrosanmiguel.com\/tienda\/#website","url":"https:\/\/farmaciacentrosanmiguel.com\/tienda\/","name":"Tienda Farmacia Centro San Miguel - In\u00e9s Calle","description":"","publisher":{"@id":"https:\/\/farmaciacentrosanmiguel.com\/tienda\/#\/schema\/person\/9a948bf16c33e3b7ac82043371ab9bce"},"potentialAction":[{"@type":"SearchAction","target":{"@type":"EntryPoint","urlTemplate":"https:\/\/farmaciacentrosanmiguel.com\/tienda\/?s={search_term_string}"},"query-input":{"@type":"PropertyValueSpecification","valueRequired":true,"valueName":"search_term_string"}}],"inLanguage":"es"},{"@type":["Person","Organization"],"@id":"https:\/\/farmaciacentrosanmiguel.com\/tienda\/#\/schema\/person\/9a948bf16c33e3b7ac82043371ab9bce","name":"In\u00e9s Calle P\u00e9rez","image":{"@type":"ImageObject","inLanguage":"es","@id":"https:\/\/farmaciacentrosanmiguel.com\/tienda\/#\/schema\/person\/image\/","url":"https:\/\/farmaciacentrosanmiguel.com\/tienda\/wp-content\/uploads\/2025\/04\/cabecera_new2.jpg","contentUrl":"https:\/\/farmaciacentrosanmiguel.com\/tienda\/wp-content\/uploads\/2025\/04\/cabecera_new2.jpg","width":1000,"height":329,"caption":"In\u00e9s Calle P\u00e9rez"},"logo":{"@id":"https:\/\/farmaciacentrosanmiguel.com\/tienda\/#\/schema\/person\/image\/"},"sameAs":["https:\/\/farmaciacentrosanmiguel.com\/tienda"]}]}},"uagb_featured_image_src":{"full":["https:\/\/farmaciacentrosanmiguel.com\/tienda\/wp-content\/uploads\/2025\/04\/29-betres-on-gel-fresa-750.jpg",700,700,false],"thumbnail":["https:\/\/farmaciacentrosanmiguel.com\/tienda\/wp-content\/uploads\/2025\/04\/29-betres-on-gel-fresa-750-150x150.jpg",150,150,true],"medium":["https:\/\/farmaciacentrosanmiguel.com\/tienda\/wp-content\/uploads\/2025\/04\/29-betres-on-gel-fresa-750-300x300.jpg",300,300,true],"medium_large":["https:\/\/farmaciacentrosanmiguel.com\/tienda\/wp-content\/uploads\/2025\/04\/29-betres-on-gel-fresa-750.jpg",700,700,false],"large":["https:\/\/farmaciacentrosanmiguel.com\/tienda\/wp-content\/uploads\/2025\/04\/29-betres-on-gel-fresa-750.jpg",700,700,false],"1536x1536":["https:\/\/farmaciacentrosanmiguel.com\/tienda\/wp-content\/uploads\/2025\/04\/29-betres-on-gel-fresa-750.jpg",700,700,false],"2048x2048":["https:\/\/farmaciacentrosanmiguel.com\/tienda\/wp-content\/uploads\/2025\/04\/29-betres-on-gel-fresa-750.jpg",700,700,false],"woocommerce_thumbnail":["https:\/\/farmaciacentrosanmiguel.com\/tienda\/wp-content\/uploads\/2025\/04\/29-betres-on-gel-fresa-750-300x300.jpg",300,300,true],"woocommerce_single":["https:\/\/farmaciacentrosanmiguel.com\/tienda\/wp-content\/uploads\/2025\/04\/29-betres-on-gel-fresa-750-600x600.jpg",600,600,true],"woocommerce_gallery_thumbnail":["https:\/\/farmaciacentrosanmiguel.com\/tienda\/wp-content\/uploads\/2025\/04\/29-betres-on-gel-fresa-750-100x100.jpg",100,100,true]},"uagb_author_info":{"display_name":"In\u00e9s Calle P\u00e9rez","author_link":"https:\/\/farmaciacentrosanmiguel.com\/tienda\/author\/"},"uagb_comment_info":0,"uagb_excerpt":"Gel de ba\u00f1o olor fresa y nata con provitaminas b5 que hidrata profundamnete la piel ayudando a mantenerla suave tersa...","_links":{"self":[{"href":"https:\/\/farmaciacentrosanmiguel.com\/tienda\/wp-json\/wp\/v2\/product\/694","targetHints":{"allow":["GET"]}}],"collection":[{"href":"https:\/\/farmaciacentrosanmiguel.com\/tienda\/wp-json\/wp\/v2\/product"}],"about":[{"href":"https:\/\/farmaciacentrosanmiguel.com\/tienda\/wp-json\/wp\/v2\/types\/product"}],"wp:featuredmedia":[{"embeddable":true,"href":"https:\/\/farmaciacentrosanmiguel.com\/tienda\/wp-json\/wp\/v2\/media\/861"}],"wp:attachment":[{"href":"https:\/\/farmaciacentrosanmiguel.com\/tienda\/wp-json\/wp\/v2\/media?parent=694"}],"wp:term":[{"taxonomy":"product_brand","embeddable":true,"href":"https:\/\/farmaciacentrosanmiguel.com\/tienda\/wp-json\/wp\/v2\/product_brand?post=694"},{"taxonomy":"product_cat","embeddable":true,"href":"https:\/\/farmaciacentrosanmiguel.com\/tienda\/wp-json\/wp\/v2\/product_cat?post=694"},{"taxonomy":"product_tag","embeddable":true,"href":"https:\/\/farmaciacentrosanmiguel.com\/tienda\/wp-json\/wp\/v2\/product_tag?post=694"}],"curies":[{"name":"wp","href":"https:\/\/api.w.org\/{rel}","templated":true}]}}